{"id":765,"date":"2015-05-19T22:38:23","date_gmt":"2015-05-19T20:38:23","guid":{"rendered":"http:\/\/shoo-shoo.de\/Wordpress\/?page_id=765"},"modified":"2021-04-24T17:39:42","modified_gmt":"2021-04-24T15:39:42","slug":"april-nightingale","status":"publish","type":"page","link":"https:\/\/shoo-shoo.de\/Wordpress\/the-shoo-shoos\/april-nightingale","title":{"rendered":"April Nightingale (Dina Sal\u00e1k)"},"content":{"rendered":"\n<div class=\"wp-block-media-text alignwide is-stacked-on-mobile\"><figure class=\"wp-block-media-text__media\"><img loading=\"lazy\" decoding=\"async\" width=\"1300\" height=\"867\" src=\"https:\/\/shoo-shoo.de\/wp-content\/uploads\/2021\/03\/DSC_7589-mit-Logo.jpg\" alt=\"\" class=\"wp-image-1481 size-full\" srcset=\"https:\/\/shoo-shoo.de\/wp-content\/uploads\/2021\/03\/DSC_7589-mit-Logo.jpg 1300w, https:\/\/shoo-shoo.de\/wp-content\/uploads\/2021\/03\/DSC_7589-mit-Logo-300x200.jpg 300w, https:\/\/shoo-shoo.de\/wp-content\/uploads\/2021\/03\/DSC_7589-mit-Logo-768x512.jpg 768w\" sizes=\"auto, (max-width: 1300px) 100vw, 1300px\" \/><\/figure><div class=\"wp-block-media-text__content\">\n<p style=\"font-size:21px\">\u00a0\u201eIch liebe es, mit der Truppe unterwegs zu sein. Aber ein BISSCHEN mehr Luxus w\u00e4re schon sch\u00f6n!\u201c<\/p>\n<\/div><\/div>\n\n\n<p>Mein Name ist April Nightingale.<\/p>\n<p>Ich bin einziges Kind meiner Eltern, in \u00fcberaus gut situiertem Hause aufgewachsen und habe unter Aufsicht von internationalen Lehrern die beste Erziehung genossen.<\/p>\n<p>\u00dcber meine Kindheit, meine Eltern, meine durch die Herkunft bedingte Stellung in der Gesellschaft konnte ich mich nie beklagen, bis mein Vater eines Tages\u2026<br \/>\u2026einen neuen G\u00e4rtner einstellte. Dieser G\u00e4rtner war ein ausgezeichneter Experte f\u00fcr Rosen.<br \/>Von Anfang an fasste ich eine gro\u00dfe Zuneigung zu ihm. Ich hielt mich immer mehr in seiner N\u00e4he auf, ja wurde fast gierig auf alles, was von ihm kam, seine Gedanken, sein Wissen \u00fcber die Natur, die Art wie er arbeitete.<\/p>\n<p>Meine Eltern be\u00e4ugten diese \u201emerkw\u00fcrdige Leidenschaft\u201c mit gro\u00dfer Skepsis und kamen \u00fcberein, dass sie eine gro\u00dfe Gefahr f\u00fcr mein junges Leben darstellt, da sie der Meinung waren, ich solle mich lieber mit gesellschaftlichen Dingen und vor allem mit Gleichgesinnten besch\u00e4ftigen.\u00a0Also wurde der G\u00e4rtner in hohem Bogen auf die ausw\u00e4rtige Seite unserer hohen Z\u00e4une bef\u00f6rdert und ich von da an mit einer nicht enden wollenden Flut von heiratswilligen Herren meines Standes bombardiert.<br \/>Nun, eine Weile lang konnte ich diesem Verfahren durch meinen Trotz standhalten,\u00a0aber allm\u00e4hlich wird mir der Eifer meiner Eltern wirklich zur Last und ich \u00fcberlege ernsthaft, wie ich diesem Vorgehen entfliehen kann. Ich sinne auf Flucht.<\/p>\n\n\n<figure class=\"wp-block-gallery columns-3 is-cropped wp-block-gallery-1 is-layout-flex wp-block-gallery-is-layout-flex\"><ul class=\"blocks-gallery-grid\"><li class=\"blocks-gallery-item\"><figure><img loading=\"lazy\" decoding=\"async\" width=\"683\" height=\"1024\" src=\"https:\/\/shoo-shoo.de\/wp-content\/uploads\/2021\/03\/Shoo_Shoo-6766-683x1024.jpg\" alt=\"\" data-id=\"1525\" data-full-url=\"https:\/\/shoo-shoo.de\/wp-content\/uploads\/2021\/03\/Shoo_Shoo-6766-scaled.jpg\" data-link=\"https:\/\/shoo-shoo.de\/Wordpress\/shoo_shoo-6766\" class=\"wp-image-1525\" srcset=\"https:\/\/shoo-shoo.de\/wp-content\/uploads\/2021\/03\/Shoo_Shoo-6766-683x1024.jpg 683w, https:\/\/shoo-shoo.de\/wp-content\/uploads\/2021\/03\/Shoo_Shoo-6766-200x300.jpg 200w, https:\/\/shoo-shoo.de\/wp-content\/uploads\/2021\/03\/Shoo_Shoo-6766-768x1152.jpg 768w, https:\/\/shoo-shoo.de\/wp-content\/uploads\/2021\/03\/Shoo_Shoo-6766-1024x1536.jpg 1024w, https:\/\/shoo-shoo.de\/wp-content\/uploads\/2021\/03\/Shoo_Shoo-6766-1365x2048.jpg 1365w, https:\/\/shoo-shoo.de\/wp-content\/uploads\/2021\/03\/Shoo_Shoo-6766-scaled.jpg 1707w\" sizes=\"auto, (max-width: 683px) 100vw, 683px\" \/><\/figure><\/li><li class=\"blocks-gallery-item\"><figure><img loading=\"lazy\" decoding=\"async\" width=\"1229\" height=\"1024\" src=\"https:\/\/shoo-shoo.de\/wp-content\/uploads\/2021\/03\/P1060298-1229x1024.jpg\" alt=\"\" data-id=\"1522\" data-full-url=\"https:\/\/shoo-shoo.de\/wp-content\/uploads\/2021\/03\/P1060298-scaled.jpg\" data-link=\"https:\/\/shoo-shoo.de\/Wordpress\/p1060298\" class=\"wp-image-1522\" srcset=\"https:\/\/shoo-shoo.de\/wp-content\/uploads\/2021\/03\/P1060298-1229x1024.jpg 1229w, https:\/\/shoo-shoo.de\/wp-content\/uploads\/2021\/03\/P1060298-300x250.jpg 300w, https:\/\/shoo-shoo.de\/wp-content\/uploads\/2021\/03\/P1060298-768x640.jpg 768w, https:\/\/shoo-shoo.de\/wp-content\/uploads\/2021\/03\/P1060298-1536x1280.jpg 1536w, https:\/\/shoo-shoo.de\/wp-content\/uploads\/2021\/03\/P1060298-2048x1706.jpg 2048w\" sizes=\"auto, (max-width: 1229px) 100vw, 1229px\" \/><\/figure><\/li><li class=\"blocks-gallery-item\"><figure><img loading=\"lazy\" decoding=\"async\" width=\"1278\" height=\"1024\" src=\"https:\/\/shoo-shoo.de\/wp-content\/uploads\/2021\/03\/P1040444-1278x1024.jpg\" alt=\"\" data-id=\"1514\" data-full-url=\"https:\/\/shoo-shoo.de\/wp-content\/uploads\/2021\/03\/P1040444-scaled.jpg\" data-link=\"https:\/\/shoo-shoo.de\/Wordpress\/p1040444\" class=\"wp-image-1514\" srcset=\"https:\/\/shoo-shoo.de\/wp-content\/uploads\/2021\/03\/P1040444-1278x1024.jpg 1278w, https:\/\/shoo-shoo.de\/wp-content\/uploads\/2021\/03\/P1040444-300x240.jpg 300w, https:\/\/shoo-shoo.de\/wp-content\/uploads\/2021\/03\/P1040444-768x616.jpg 768w, https:\/\/shoo-shoo.de\/wp-content\/uploads\/2021\/03\/P1040444-1536x1231.jpg 1536w, https:\/\/shoo-shoo.de\/wp-content\/uploads\/2021\/03\/P1040444-2048x1641.jpg 2048w\" sizes=\"auto, (max-width: 1278px) 100vw, 1278px\" \/><\/figure><\/li><li class=\"blocks-gallery-item\"><figure><img loading=\"lazy\" decoding=\"async\" width=\"707\" height=\"1024\" src=\"https:\/\/shoo-shoo.de\/wp-content\/uploads\/2021\/03\/P1020029-707x1024.jpg\" alt=\"\" data-id=\"1504\" data-full-url=\"https:\/\/shoo-shoo.de\/wp-content\/uploads\/2021\/03\/P1020029-scaled.jpg\" data-link=\"https:\/\/shoo-shoo.de\/Wordpress\/p1020029\" class=\"wp-image-1504\" srcset=\"https:\/\/shoo-shoo.de\/wp-content\/uploads\/2021\/03\/P1020029-707x1024.jpg 707w, https:\/\/shoo-shoo.de\/wp-content\/uploads\/2021\/03\/P1020029-207x300.jpg 207w, https:\/\/shoo-shoo.de\/wp-content\/uploads\/2021\/03\/P1020029-768x1112.jpg 768w, https:\/\/shoo-shoo.de\/wp-content\/uploads\/2021\/03\/P1020029-1061x1536.jpg 1061w, https:\/\/shoo-shoo.de\/wp-content\/uploads\/2021\/03\/P1020029-1414x2048.jpg 1414w, https:\/\/shoo-shoo.de\/wp-content\/uploads\/2021\/03\/P1020029-scaled.jpg 1768w\" sizes=\"auto, (max-width: 707px) 100vw, 707px\" \/><\/figure><\/li><li class=\"blocks-gallery-item\"><figure><img loading=\"lazy\" decoding=\"async\" width=\"781\" height=\"1024\" src=\"https:\/\/shoo-shoo.de\/wp-content\/uploads\/2021\/03\/P1010481-781x1024.jpg\" alt=\"\" data-id=\"1501\" data-full-url=\"https:\/\/shoo-shoo.de\/wp-content\/uploads\/2021\/03\/P1010481-scaled.jpg\" data-link=\"https:\/\/shoo-shoo.de\/Wordpress\/p1010481\" class=\"wp-image-1501\" srcset=\"https:\/\/shoo-shoo.de\/wp-content\/uploads\/2021\/03\/P1010481-781x1024.jpg 781w, https:\/\/shoo-shoo.de\/wp-content\/uploads\/2021\/03\/P1010481-229x300.jpg 229w, https:\/\/shoo-shoo.de\/wp-content\/uploads\/2021\/03\/P1010481-768x1007.jpg 768w, https:\/\/shoo-shoo.de\/wp-content\/uploads\/2021\/03\/P1010481-1171x1536.jpg 1171w, https:\/\/shoo-shoo.de\/wp-content\/uploads\/2021\/03\/P1010481-1562x2048.jpg 1562w, https:\/\/shoo-shoo.de\/wp-content\/uploads\/2021\/03\/P1010481-scaled.jpg 1952w\" sizes=\"auto, (max-width: 781px) 100vw, 781px\" \/><\/figure><\/li><li class=\"blocks-gallery-item\"><figure><img loading=\"lazy\" decoding=\"async\" width=\"1600\" height=\"902\" src=\"https:\/\/shoo-shoo.de\/wp-content\/uploads\/2021\/03\/DSC00752-1600x902.jpg\" alt=\"\" data-id=\"1488\" data-full-url=\"https:\/\/shoo-shoo.de\/wp-content\/uploads\/2021\/03\/DSC00752-scaled.jpg\" data-link=\"https:\/\/shoo-shoo.de\/Wordpress\/dsc00752\" class=\"wp-image-1488\" srcset=\"https:\/\/shoo-shoo.de\/wp-content\/uploads\/2021\/03\/DSC00752-1600x902.jpg 1600w, https:\/\/shoo-shoo.de\/wp-content\/uploads\/2021\/03\/DSC00752-300x169.jpg 300w, https:\/\/shoo-shoo.de\/wp-content\/uploads\/2021\/03\/DSC00752-768x433.jpg 768w, https:\/\/shoo-shoo.de\/wp-content\/uploads\/2021\/03\/DSC00752-1536x866.jpg 1536w, https:\/\/shoo-shoo.de\/wp-content\/uploads\/2021\/03\/DSC00752-2048x1154.jpg 2048w\" sizes=\"auto, (max-width: 1600px) 100vw, 1600px\" \/><\/figure><\/li><li class=\"blocks-gallery-item\"><figure><img loading=\"lazy\" decoding=\"async\" width=\"683\" height=\"1024\" src=\"https:\/\/shoo-shoo.de\/wp-content\/uploads\/2021\/03\/IMG_8013-683x1024.jpg\" alt=\"\" data-id=\"1492\" data-full-url=\"https:\/\/shoo-shoo.de\/wp-content\/uploads\/2021\/03\/IMG_8013-scaled.jpg\" data-link=\"https:\/\/shoo-shoo.de\/Wordpress\/img_8013\" class=\"wp-image-1492\" srcset=\"https:\/\/shoo-shoo.de\/wp-content\/uploads\/2021\/03\/IMG_8013-683x1024.jpg 683w, https:\/\/shoo-shoo.de\/wp-content\/uploads\/2021\/03\/IMG_8013-200x300.jpg 200w, https:\/\/shoo-shoo.de\/wp-content\/uploads\/2021\/03\/IMG_8013-768x1152.jpg 768w, https:\/\/shoo-shoo.de\/wp-content\/uploads\/2021\/03\/IMG_8013-1024x1536.jpg 1024w, https:\/\/shoo-shoo.de\/wp-content\/uploads\/2021\/03\/IMG_8013-1365x2048.jpg 1365w, https:\/\/shoo-shoo.de\/wp-content\/uploads\/2021\/03\/IMG_8013-scaled.jpg 1707w\" sizes=\"auto, (max-width: 683px) 100vw, 683px\" \/><\/figure><\/li><li class=\"blocks-gallery-item\"><figure><img loading=\"lazy\" decoding=\"async\" width=\"683\" height=\"1024\" src=\"https:\/\/shoo-shoo.de\/wp-content\/uploads\/2021\/03\/IMG_8039-683x1024.jpg\" alt=\"\" data-id=\"1493\" data-full-url=\"https:\/\/shoo-shoo.de\/wp-content\/uploads\/2021\/03\/IMG_8039-scaled.jpg\" data-link=\"https:\/\/shoo-shoo.de\/Wordpress\/img_8039\" class=\"wp-image-1493\" srcset=\"https:\/\/shoo-shoo.de\/wp-content\/uploads\/2021\/03\/IMG_8039-683x1024.jpg 683w, https:\/\/shoo-shoo.de\/wp-content\/uploads\/2021\/03\/IMG_8039-200x300.jpg 200w, https:\/\/shoo-shoo.de\/wp-content\/uploads\/2021\/03\/IMG_8039-768x1152.jpg 768w, https:\/\/shoo-shoo.de\/wp-content\/uploads\/2021\/03\/IMG_8039-1024x1536.jpg 1024w, https:\/\/shoo-shoo.de\/wp-content\/uploads\/2021\/03\/IMG_8039-1365x2048.jpg 1365w, https:\/\/shoo-shoo.de\/wp-content\/uploads\/2021\/03\/IMG_8039-scaled.jpg 1707w\" sizes=\"auto, (max-width: 683px) 100vw, 683px\" \/><\/figure><\/li><\/ul><\/figure>\n","protected":false},"excerpt":{"rendered":"<p>\u00a0\u201eIch liebe es, mit der Truppe unterwegs zu sein. Aber ein BISSCHEN mehr Luxus w\u00e4re schon sch\u00f6n!\u201c Mein Name ist April Nightingale. Ich bin einziges Kind meiner Eltern, in \u00fcberaus gut situiertem Hause aufgewachsen und &hellip; <a href=\"https:\/\/shoo-shoo.de\/Wordpress\/the-shoo-shoos\/april-nightingale\">Weiterlesen<\/a><\/p>\n","protected":false},"author":1,"featured_media":0,"parent":28,"menu_order":1,"comment_status":"closed","ping_status":"closed","template":"nosidebar.php","meta":{"_monsterinsights_skip_tracking":false,"_monsterinsights_sitenote_active":false,"_monsterinsights_sitenote_note":"","_monsterinsights_sitenote_category":0,"footnotes":""},"class_list":["post-765","page","type-page","status-publish","hentry"],"_links":{"self":[{"href":"https:\/\/shoo-shoo.de\/Wordpress\/wp-json\/wp\/v2\/pages\/765","targetHints":{"allow":["GET"]}}],"collection":[{"href":"https:\/\/shoo-shoo.de\/Wordpress\/wp-json\/wp\/v2\/pages"}],"about":[{"href":"https:\/\/shoo-shoo.de\/Wordpress\/wp-json\/wp\/v2\/types\/page"}],"author":[{"embeddable":true,"href":"https:\/\/shoo-shoo.de\/Wordpress\/wp-json\/wp\/v2\/users\/1"}],"replies":[{"embeddable":true,"href":"https:\/\/shoo-shoo.de\/Wordpress\/wp-json\/wp\/v2\/comments?post=765"}],"version-history":[{"count":6,"href":"https:\/\/shoo-shoo.de\/Wordpress\/wp-json\/wp\/v2\/pages\/765\/revisions"}],"predecessor-version":[{"id":1593,"href":"https:\/\/shoo-shoo.de\/Wordpress\/wp-json\/wp\/v2\/pages\/765\/revisions\/1593"}],"up":[{"embeddable":true,"href":"https:\/\/shoo-shoo.de\/Wordpress\/wp-json\/wp\/v2\/pages\/28"}],"wp:attachment":[{"href":"https:\/\/shoo-shoo.de\/Wordpress\/wp-json\/wp\/v2\/media?parent=765"}],"curies":[{"name":"wp","href":"https:\/\/api.w.org\/{rel}","templated":true}]}}